{"id":155,"date":"2023-10-12T19:58:34","date_gmt":"2023-10-13T01:58:34","guid":{"rendered":"https:\/\/saludisis.com\/?page_id=155"},"modified":"2024-04-06T23:41:46","modified_gmt":"2024-04-07T05:41:46","slug":"servicios","status":"publish","type":"page","link":"https:\/\/saludisis.com\/index.php\/servicios\/","title":{"rendered":"Nuestros servicios"},"content":{"rendered":"\n<h5 class=\"wp-block-heading\"><strong>Cursos<\/strong><\/h5>\n\n\n\n<ul>\n<li>Descodificaci\u00f3n Biol\u00f3gica de los s\u00edntomas o enfermedades a trav\u00e9s de las 5 leyes biol\u00f3gicas del doctor Reek Geerd Hamer.<\/li>\n\n\n\n<li>Psicogenealogia y destino familiar en el desarrollo de nuestros cursos. Proporcionamos bases te\u00f3ricas coherentes para comprender las fuerzas estructurales m\u00e1s profundas de las relaciones humanas significativas.<\/li>\n\n\n\n<li>Talleres de varios temas relacionados.<\/li>\n<\/ul>\n\n\n\n<div style=\"height:20px\" aria-hidden=\"true\" class=\"wp-block-spacer\"><\/div>\n\n\n\n<h5 class=\"wp-block-heading\"><strong>Acompa\u00f1amientos en Psicogenealogia y Descodificaci\u00f3n Biol\u00f3gica<\/strong><\/h5>\n\n\n\n<p>Todo tipo de acompa\u00f1amiento terap\u00e9utico representa un desaf\u00edo, tanto en lo que ata\u00f1e a la capacidad de confianza del acompa\u00f1ante como a su capacidad de compromiso profesional y personal. Un aspecto importante en el acompa\u00f1amiento terap\u00e9utico familiar, es la b\u00fasqueda e identificaci\u00f3n de conflictos no admitidos o incluso inconscientes.<\/p>\n\n\n\n<div style=\"height:20px\" aria-hidden=\"true\" class=\"wp-block-spacer\"><\/div>\n\n\n\n<figure class=\"wp-block-image size-full is-resized\"><img loading=\"lazy\" decoding=\"async\" width=\"626\" height=\"417\" src=\"https:\/\/saludisis.com\/wp-content\/uploads\/2024\/03\/Servicios.jpg\" alt=\"\" class=\"wp-image-195\" style=\"width:929px;height:auto\" srcset=\"https:\/\/saludisis.com\/wp-content\/uploads\/2024\/03\/Servicios.jpg 626w, https:\/\/saludisis.com\/wp-content\/uploads\/2024\/03\/Servicios-300x200.jpg 300w\" sizes=\"(max-width: 626px) 100vw, 626px\" \/><\/figure>\n\n\n\n<p><\/p>\n\n\n\n<h5 class=\"wp-block-heading\"><strong>Consultor\u00eda empresarial<\/strong><\/h5>\n\n\n\n<p>Servicios de consultor\u00eda en materia corporativa, tesorer\u00eda, administrativa, reestructuraci\u00f3n y recursos humanos.<\/p>\n\n\n\n<ul>\n<li>NOM-030-STPS \n<ul>\n<li>Servicios preventivos de seguridad y salud en el trabajo, funciones y actividades.<\/li>\n<\/ul>\n<\/li>\n\n\n\n<li>NOM-035-STPS\n<ul>\n<li>Identifica los factores de riesgo psicosocial que se desarrollan en el centro de trabajo, identificaci\u00f3n, an\u00e1lisis, prevenci\u00f3n con el prop\u00f3sito de generar un entorno organizacional favorable.<\/li>\n<\/ul>\n<\/li>\n<\/ul>\n\n\n\n<div style=\"height:20px\" aria-hidden=\"true\" class=\"wp-block-spacer\"><\/div>\n\n\n\n<h5 class=\"wp-block-heading\"><strong>Talleres y pl\u00e1ticas en empresas<\/strong><\/h5>\n\n\n\n<p>Acompa\u00f1amos a nuestros clientes a resolver sus retos organizacionales m\u00e1s complejos, ofreciendo soluciones en materia de talento, organizaci\u00f3n, productividad y cambio que ligan la estrategia de negocio con la de Recursos Humanos.<\/p>\n\n\n\n<figure class=\"wp-block-image size-full is-resized\"><img loading=\"lazy\" decoding=\"async\" width=\"1480\" height=\"986\" src=\"https:\/\/saludisis.com\/wp-content\/uploads\/2024\/03\/Curso2.jpg\" alt=\"\" class=\"wp-image-189\" style=\"width:929px\" srcset=\"https:\/\/saludisis.com\/wp-content\/uploads\/2024\/03\/Curso2.jpg 1480w, https:\/\/saludisis.com\/wp-content\/uploads\/2024\/03\/Curso2-300x200.jpg 300w, https:\/\/saludisis.com\/wp-content\/uploads\/2024\/03\/Curso2-1024x682.jpg 1024w, https:\/\/saludisis.com\/wp-content\/uploads\/2024\/03\/Curso2-768x512.jpg 768w\" sizes=\"(max-width: 1480px) 100vw, 1480px\" \/><\/figure>\n","protected":false},"excerpt":{"rendered":"<p>Cursos Acompa\u00f1amientos en Psicogenealogia y Descodificaci\u00f3n Biol\u00f3gica Todo tipo de acompa\u00f1amiento terap\u00e9utico representa un desaf\u00edo, tanto en lo que ata\u00f1e<\/p>\n","protected":false},"author":1,"featured_media":0,"parent":0,"menu_order":0,"comment_status":"closed","ping_status":"closed","template":"","meta":{"footnotes":""},"yoast_head":"<!-- This site is optimized with the Yoast SEO plugin v22.9 - https:\/\/yoast.com\/wordpress\/plugins\/seo\/ -->\r\n<title>Nuestros servicios - Saludisis<\/title>\r\n<meta name=\"robots\" content=\"index, follow, max-snippet:-1, max-image-preview:large, max-video-preview:-1\" \/>\r\n<link rel=\"canonical\" href=\"https:\/\/saludisis.com\/index.php\/servicios\/\" \/>\r\n<meta property=\"og:locale\" content=\"es_MX\" \/>\r\n<meta property=\"og:type\" content=\"article\" \/>\r\n<meta property=\"og:title\" content=\"Nuestros servicios - Saludisis\" \/>\r\n<meta property=\"og:description\" content=\"Cursos Acompa\u00f1amientos en Psicogenealogia y Descodificaci\u00f3n Biol\u00f3gica Todo tipo de acompa\u00f1amiento terap\u00e9utico representa un desaf\u00edo, tanto en lo que ata\u00f1e\" \/>\r\n<meta property=\"og:url\" content=\"https:\/\/saludisis.com\/index.php\/servicios\/\" \/>\r\n<meta property=\"og:site_name\" content=\"Saludisis\" \/>\r\n<meta property=\"article:publisher\" content=\"https:\/\/www.facebook.com\/saludisis\" \/>\r\n<meta property=\"article:modified_time\" content=\"2024-04-07T05:41:46+00:00\" \/>\r\n<meta property=\"og:image\" content=\"https:\/\/saludisis.com\/wp-content\/uploads\/2024\/03\/Servicios.jpg\" \/>\r\n<meta name=\"twitter:card\" content=\"summary_large_image\" \/>\r\n<meta name=\"twitter:site\" content=\"@saludisis\" \/>\r\n<meta name=\"twitter:label1\" content=\"Tiempo de lectura\" \/>\n\t<meta name=\"twitter:data1\" content=\"2 minutos\" \/>\r\n<script type=\"application\/ld+json\" class=\"yoast-schema-graph\">{\"@context\":\"https:\/\/schema.org\",\"@graph\":[{\"@type\":\"WebPage\",\"@id\":\"https:\/\/saludisis.com\/index.php\/servicios\/\",\"url\":\"https:\/\/saludisis.com\/index.php\/servicios\/\",\"name\":\"Nuestros servicios - Saludisis\",\"isPartOf\":{\"@id\":\"https:\/\/saludisis.com\/#website\"},\"primaryImageOfPage\":{\"@id\":\"https:\/\/saludisis.com\/index.php\/servicios\/#primaryimage\"},\"image\":{\"@id\":\"https:\/\/saludisis.com\/index.php\/servicios\/#primaryimage\"},\"thumbnailUrl\":\"https:\/\/saludisis.com\/wp-content\/uploads\/2024\/03\/Servicios.jpg\",\"datePublished\":\"2023-10-13T01:58:34+00:00\",\"dateModified\":\"2024-04-07T05:41:46+00:00\",\"breadcrumb\":{\"@id\":\"https:\/\/saludisis.com\/index.php\/servicios\/#breadcrumb\"},\"inLanguage\":\"es\",\"potentialAction\":[{\"@type\":\"ReadAction\",\"target\":[\"https:\/\/saludisis.com\/index.php\/servicios\/\"]}]},{\"@type\":\"ImageObject\",\"inLanguage\":\"es\",\"@id\":\"https:\/\/saludisis.com\/index.php\/servicios\/#primaryimage\",\"url\":\"https:\/\/saludisis.com\/wp-content\/uploads\/2024\/03\/Servicios.jpg\",\"contentUrl\":\"https:\/\/saludisis.com\/wp-content\/uploads\/2024\/03\/Servicios.jpg\",\"width\":626,\"height\":417},{\"@type\":\"BreadcrumbList\",\"@id\":\"https:\/\/saludisis.com\/index.php\/servicios\/#breadcrumb\",\"itemListElement\":[{\"@type\":\"ListItem\",\"position\":1,\"name\":\"Inicio\",\"item\":\"https:\/\/saludisis.com\/\"},{\"@type\":\"ListItem\",\"position\":2,\"name\":\"Nuestros servicios\"}]},{\"@type\":\"WebSite\",\"@id\":\"https:\/\/saludisis.com\/#website\",\"url\":\"https:\/\/saludisis.com\/\",\"name\":\"Saludisis\",\"description\":\"Consulting Group\",\"publisher\":{\"@id\":\"https:\/\/saludisis.com\/#organization\"},\"potentialAction\":[{\"@type\":\"SearchAction\",\"target\":{\"@type\":\"EntryPoint\",\"urlTemplate\":\"https:\/\/saludisis.com\/?s={search_term_string}\"},\"query-input\":\"required name=search_term_string\"}],\"inLanguage\":\"es\"},{\"@type\":\"Organization\",\"@id\":\"https:\/\/saludisis.com\/#organization\",\"name\":\"Saludisis\",\"url\":\"https:\/\/saludisis.com\/\",\"logo\":{\"@type\":\"ImageObject\",\"inLanguage\":\"es\",\"@id\":\"https:\/\/saludisis.com\/#\/schema\/logo\/image\/\",\"url\":\"https:\/\/saludisis.com\/wp-content\/uploads\/2023\/04\/SaludisisLogo-1.png\",\"contentUrl\":\"https:\/\/saludisis.com\/wp-content\/uploads\/2023\/04\/SaludisisLogo-1.png\",\"width\":550,\"height\":200,\"caption\":\"Saludisis\"},\"image\":{\"@id\":\"https:\/\/saludisis.com\/#\/schema\/logo\/image\/\"},\"sameAs\":[\"https:\/\/www.facebook.com\/saludisis\",\"https:\/\/x.com\/saludisis\",\"https:\/\/www.instagram.com\/saludisis\/\"]}]}<\/script>\r\n<!-- \/ Yoast SEO plugin. -->","yoast_head_json":{"title":"Nuestros servicios - Saludisis","robots":{"index":"index","follow":"follow","max-snippet":"max-snippet:-1","max-image-preview":"max-image-preview:large","max-video-preview":"max-video-preview:-1"},"canonical":"https:\/\/saludisis.com\/index.php\/servicios\/","og_locale":"es_MX","og_type":"article","og_title":"Nuestros servicios - Saludisis","og_description":"Cursos Acompa\u00f1amientos en Psicogenealogia y Descodificaci\u00f3n Biol\u00f3gica Todo tipo de acompa\u00f1amiento terap\u00e9utico representa un desaf\u00edo, tanto en lo que ata\u00f1e","og_url":"https:\/\/saludisis.com\/index.php\/servicios\/","og_site_name":"Saludisis","article_publisher":"https:\/\/www.facebook.com\/saludisis","article_modified_time":"2024-04-07T05:41:46+00:00","og_image":[{"url":"https:\/\/saludisis.com\/wp-content\/uploads\/2024\/03\/Servicios.jpg"}],"twitter_card":"summary_large_image","twitter_site":"@saludisis","twitter_misc":{"Tiempo de lectura":"2 minutos"},"schema":{"@context":"https:\/\/schema.org","@graph":[{"@type":"WebPage","@id":"https:\/\/saludisis.com\/index.php\/servicios\/","url":"https:\/\/saludisis.com\/index.php\/servicios\/","name":"Nuestros servicios - Saludisis","isPartOf":{"@id":"https:\/\/saludisis.com\/#website"},"primaryImageOfPage":{"@id":"https:\/\/saludisis.com\/index.php\/servicios\/#primaryimage"},"image":{"@id":"https:\/\/saludisis.com\/index.php\/servicios\/#primaryimage"},"thumbnailUrl":"https:\/\/saludisis.com\/wp-content\/uploads\/2024\/03\/Servicios.jpg","datePublished":"2023-10-13T01:58:34+00:00","dateModified":"2024-04-07T05:41:46+00:00","breadcrumb":{"@id":"https:\/\/saludisis.com\/index.php\/servicios\/#breadcrumb"},"inLanguage":"es","potentialAction":[{"@type":"ReadAction","target":["https:\/\/saludisis.com\/index.php\/servicios\/"]}]},{"@type":"ImageObject","inLanguage":"es","@id":"https:\/\/saludisis.com\/index.php\/servicios\/#primaryimage","url":"https:\/\/saludisis.com\/wp-content\/uploads\/2024\/03\/Servicios.jpg","contentUrl":"https:\/\/saludisis.com\/wp-content\/uploads\/2024\/03\/Servicios.jpg","width":626,"height":417},{"@type":"BreadcrumbList","@id":"https:\/\/saludisis.com\/index.php\/servicios\/#breadcrumb","itemListElement":[{"@type":"ListItem","position":1,"name":"Inicio","item":"https:\/\/saludisis.com\/"},{"@type":"ListItem","position":2,"name":"Nuestros servicios"}]},{"@type":"WebSite","@id":"https:\/\/saludisis.com\/#website","url":"https:\/\/saludisis.com\/","name":"Saludisis","description":"Consulting Group","publisher":{"@id":"https:\/\/saludisis.com\/#organization"},"potentialAction":[{"@type":"SearchAction","target":{"@type":"EntryPoint","urlTemplate":"https:\/\/saludisis.com\/?s={search_term_string}"},"query-input":"required name=search_term_string"}],"inLanguage":"es"},{"@type":"Organization","@id":"https:\/\/saludisis.com\/#organization","name":"Saludisis","url":"https:\/\/saludisis.com\/","logo":{"@type":"ImageObject","inLanguage":"es","@id":"https:\/\/saludisis.com\/#\/schema\/logo\/image\/","url":"https:\/\/saludisis.com\/wp-content\/uploads\/2023\/04\/SaludisisLogo-1.png","contentUrl":"https:\/\/saludisis.com\/wp-content\/uploads\/2023\/04\/SaludisisLogo-1.png","width":550,"height":200,"caption":"Saludisis"},"image":{"@id":"https:\/\/saludisis.com\/#\/schema\/logo\/image\/"},"sameAs":["https:\/\/www.facebook.com\/saludisis","https:\/\/x.com\/saludisis","https:\/\/www.instagram.com\/saludisis\/"]}]}},"jetpack_sharing_enabled":true,"_links":{"self":[{"href":"https:\/\/saludisis.com\/index.php\/wp-json\/wp\/v2\/pages\/155"}],"collection":[{"href":"https:\/\/saludisis.com\/index.php\/wp-json\/wp\/v2\/pages"}],"about":[{"href":"https:\/\/saludisis.com\/index.php\/wp-json\/wp\/v2\/types\/page"}],"author":[{"embeddable":true,"href":"https:\/\/saludisis.com\/index.php\/wp-json\/wp\/v2\/users\/1"}],"replies":[{"embeddable":true,"href":"https:\/\/saludisis.com\/index.php\/wp-json\/wp\/v2\/comments?post=155"}],"version-history":[{"count":11,"href":"https:\/\/saludisis.com\/index.php\/wp-json\/wp\/v2\/pages\/155\/revisions"}],"predecessor-version":[{"id":229,"href":"https:\/\/saludisis.com\/index.php\/wp-json\/wp\/v2\/pages\/155\/revisions\/229"}],"wp:attachment":[{"href":"https:\/\/saludisis.com\/index.php\/wp-json\/wp\/v2\/media?parent=155"}],"curies":[{"name":"wp","href":"https:\/\/api.w.org\/{rel}","templated":true}]}}